the highest common factor of v and f?
9
Let f(d) = -2*d - 1. Let v be f(-1). Let p be -360*((-4)/8)/v. Suppose 4*k - p = -4*l + k, 68 = l - 5*k. What is the greatest common divisor of 6 and l?
6
Let i = 199 + 2. Let l = 316 - i. Calculate the greatest common factor of 23 and l.
23
Suppose 6*w = 3*w - 15. Let v = w - -10. Let n(x) = -x**3 + 7*x**2 - 4*x - 8. Let t be n(v). Calculate the highest common divisor of t and 66.
22
Let s be (-18)/(-2)*(1 + 2). Let o(w) = -w**2 + 11*w - 10. Let j be o(7). Calculate the highest common divisor of j and s.
9
Suppose 0 = 3*z - 352 - 350. Let v be 15/(-6)*(-156)/15. Calculate the greatest common divisor of v and z.
26
Suppose i = 10*p - 5*p - 4498, -4*p - 2*i + 3604 = 0. Calculate the highest common divisor of p and 36.
36
Let x(h) = 2*h**2 - 4*h + 2. Let z be x(1). Suppose w - 6 - 12 = z. What is the highest common divisor of 126 and w?
18
Suppose 100*s + 2*a - 25 = 99*s, 3*a - 54 = -2*s. What is the greatest common divisor of s and 2013?
33
Let n be (-36)/(-27) - 230/(-3). Calculate the highest common factor of n and 78.
78
Suppose -f + 0*f + 9 = 0. Let a(k) = 2*k**2 - 7*k - 9. Let c be a(f). What is the greatest common divisor of c and 18?
18
Let d(v) = 3*v**3 - 31*v**2 - 20*v + 8. Let o be d(11). What is the greatest common divisor of 15 and o?
15
Suppose -418*y - 1439 = -423*y - 3*u, 2*u - 6 = 0. What is the highest common factor of 22 and y?
22
Let q(u) = u + 10. Let w be q(10). Let y = 144 + -37. Suppose 308 = 3*s - 2*b, 0 = 4*s + 4*b - y - 277. Calculate the highest common factor of w and s.
20
Let i(h) = -h**3 - 13*h**2 - 25*h - 12. Let m be i(-11). Calculate the highest common factor of 15 and m.
3
Let d(w) = -w + 9. Suppose 4*q - 24 = 4*h, h + h + 4*q + 12 = 0. Let p be d(h). Let a = 12 + -9. What is the greatest common divisor of p and a?
3
Let n(w) = 8*w + 56. Let i be n(-6). Suppose i*g + 48 = 10*g. What is the greatest common factor of 60 and g?
12
Suppose -4*c = -g - 17, -3*g = c - 4*c + 6. Calculate the highest common divisor of c and 3.
1
Let m be (19 + 5)*(2 - 1)*1. Suppose -k + f + 31 = 0, f = -4*k + 2*k + 77. Calculate the greatest common factor of m and k.
12
Let r be (-4)/(-10)*(-80)/(-32). Suppose -j + 1 + 2 = 0, 1 = 2*f - j. Let k(c) = c + 3. Let x be k(f). Calculate the greatest common factor of x and r.
1
Suppose 0 = 3*h - 111 - 171. What is the greatest common factor of 282 and h?
94
Let j(y) = -y**3 - y**2 + 2*y + 8. Let f be j(0). Suppose -7 = -2*h - 5. What is the greatest common factor of f and h?
1
Suppose 4*y - 3135 = -11*y. Calculate the highest common factor of 19 and y.
19
Let r be ((-14)/3)/((-8)/(-6))*-170. What is the highest common factor of r and 35?
35
Suppose 7*d - 3*d = 16. Let j = 23 - d. Calculate the greatest common factor of 95 and j.
19
Let a = -31 - -38. Let x be 30/(-6*(a/(-3) + 2)). What is the highest common factor of 20 and x?
5
Let c(w) = -2 + 3 - 23*w + 0. Let k be c(-1). Suppose p - 3*s = 8 + 2, -3*p = s - 50. Calculate the greatest common factor of p and k.
8
Let h = -37 - -42. Suppose h*q - 207 = -57. Calculate the highest common divisor of q and 6.
6
Suppose 3*l = -l + 80. Let n = 3 - 1. Suppose -m - 50 = -n*m. Calculate the highest common factor of m and l.
10
Suppose -110 = -4*j + 2*j. Calculate the highest common factor of j and 5.
5
Let z be 20/15*(-12)/(-8). Suppose 10*k - 96 = z*k. What is the highest common factor of 132 and k?
12
Let d = -8 + 10. Suppose 0 = -d*c - 4*t + 2, c - 4 = 2*t + 1. Suppose 5*x = -10, 2*p + 0*x + c*x = 16. Calculate the greatest common factor of p and 11.
11
Suppose 5*g = 3*u - 1126, 2*g + 0*g + 1506 = 4*u. What is the greatest common divisor of u and 13?
13
Let r(s) = -s**3 - 6*s**2 - 41. Let z be r(-7). Let p be (0 + 6/(-4))*-48. What is the highest common divisor of p and z?
8
Suppose 5*m + 3*m - 168 = 0. Suppose 4*a + 0*a = 28. What is the highest common divisor of m and a?
7
Let u = 11 + -9. Suppose -3 = -3*d, -5*d + u = y - 2*y. Let k = 5 + y. What is the highest common divisor of 8 and k?
8
Let v(s) = s + 21. Suppose -16 = -5*z + 29. Let a be v(z). What is the greatest common divisor of 60 and a?
30
Suppose -279 = -5*r + 3*j, 16*j = -r + 11*j + 67. Calculate the greatest common divisor of 247 and r.
19
Let g be (6/(-12))/(5/(-2880)). Calculate the highest common divisor of 64 and g.
32
Suppose -4*c + p + 18 = -c, -c = -3*p + 2. Suppose -2*v - 35 = -c*v. Let q = -73 - -129. What is the highest common divisor of q and v?
7
Let k(g) = g**3 - 17*g**2 + 18*g + 7. Let i be k(16). Let m(r) = -r - 13. Let o be m(-9). Let u be 53/4 + o/16. What is the highest common factor of i and u?
13
Let n be 1/((-6)/28*10/(-225)). What is the greatest common factor of 15 and n?
15
Let q be (-171)/(-38)*(-4)/3. Let h(t) = -t**2 - 6*t + 1. Let b be h(q). Calculate the greatest common factor of 1 and b.
1
Let p(z) = -z - 9. Let v be p(-11). Suppose 3*q + 4*i = 90 + 356, 304 = v*q + i. Let a be 1/2 - (-162)/12. What is the greatest common divisor of q and a?
14
Suppose -b = 5, 9 = -2*c - 4*b + 39. Let z = c - 0. Let n = 116 - z. Calculate the highest common factor of n and 13.
13
Let h be 28/8*(-810)/(-105). Let z be 4/20 - 178/(-10). Calculate the greatest common factor of h and z.
9
Let u be (-731)/(-7) - (-20)/35. Suppose 0 = -3*j + 7 + 56. Calculate the greatest common factor of j and u.
21
Let p(r) = -r**2 - 24*r - 51. Let u be p(-3). Suppose 0 = 5*m - 7 - 8. What is the greatest common divisor of m and u?
3
Let p(k) = 375*k + 10. Let s be p(2). Calculate the greatest common divisor of s and 20.
20
Let v = -2 + 3. Suppose 5*p = -10, 24 = 4*h + 2*p - 4*p. Suppose 4*r - 24 = t - 2*t, r - h*t - 27 = 0. What is the greatest common factor of v and r?
1
Let l be (-87)/2*2/3. Let x be (-1 + l/(-2))*-12. Let f be (24/(-9) - -2)*x. Calculate the highest common factor of 12 and f.
12
Let c(p) = -p**3 - 2*p**2 + p + 4. Let k be c(0). Calculate the greatest common divisor of 4 and k.
4
Suppose 5*y - 2*c = 656, -2*y + 3*c + 256 = -c. What is the greatest common divisor of y and 88?
44
Suppose 3 = 2*h - 11. Suppose -p = u - 2 + 3, u = 4*p + 9. Let d(g) = 77*g**2 - g + 1. Let c be d(u). What is the highest common factor of c and h?
7
Let n be 3/(-15)*68*(-40 + -10). What is the greatest common divisor of 136 and n?
136
Suppose -2*a + 2*t + 19 = -17, a + t - 26 = 0. Calculate the highest common divisor of 20 and a.
2
Let y(h) = -h**3 + 6*h**2 + 2*h. Let n be y(6). Let s = -248 - -256. Calculate the greatest common factor of s and n.
4
Suppose 0 = -12*f + 809 + 343. What is the greatest common divisor of f and 104?
8
Let w be (9/6)/(3/8). Suppose 5*k + w = -1. Let q be ((-27)/18)/(k/2). Calculate the highest common divisor of q and 9.
3
Let q(g) = 17*g + 4. Let i be q(3). Let r = 16 + -11. Calculate the highest common divisor of i and r.
5
Suppose s - 490 = -3*b, 493 - 148 = 2*b - 3*s. Let r = -10 + 25. Calculate the greatest common factor of r and b.
15
Let r(x) = -3*x + 5. Let q be r(1). Suppose 0 = 3*d, -q*t = 5*d - 6 - 6. Calculate the greatest common factor of 78 and t.
6
Let u = -877 + 941. Calculate the greatest common divisor of u and 480.
32
Let m be (8 - 1)/((-5)/(-5)). Calculate the greatest common divisor of 567 and m.
7
Let i(h) = 42*h**2 - 102*h - 309. Let y be i(-3). Calculate the greatest common factor of y and 225.
75
Let x(j) be the second derivative of -j**3/6 - 4*j. Let q be x(-5). Suppose 3*k - 32 = -2*a, 2*k - a - 16 = -q*a. What is the highest common factor of 24 and k?
12
Suppose -111 = -2*y - 4*f + f, 4*f = 20. Suppose 10*q - 13*q + y = 0. Calculate the greatest common factor of 128 and q.
16
Let f = -1 + 3. Let u be (7 + -9)*-27*1/f. Suppose 0 = 3*s - 38 - 16. Calculate the highest common divisor of u and s.
9
Let c = -881 - -883. What is the highest common factor of 9 and c?
1
Let m = -409 - -442. What is the highest common divisor of 165 and m?
33
Let d = 67 + -53. Let a(x) be the second derivative of 2*x**4/3 - 2*x**3/3 - 5*x**2/2 - 2*x. Let s be a(-2). What is the highest common factor of d and s?
7
Let o = -1982 + 2828. Calculate the highest common divisor of 376 and o.
94
Suppose 80*u = 91*u - 792. What is the highest common divisor of 180 and u?
36
Let s(n) = -n**3 - 8*n**2 + 9*n + 2. Let k be s(-9). Let b 